est common factor of 105681 and 291?
3
Calculate the greatest common divisor of 114280 and 2248459.
2857
Calculate the greatest common factor of 2875853193 and 843.
843
Calculate the greatest common factor of 47671586 and 436.
218
Calculate the highest common factor of 2967303 and 142.
71
Calculate the highest common divisor of 4 and 7402416.
4
Calculate the highest common divisor of 1305526 and 1686.
562
Calculate the greatest common divisor of 144 and 79273184.
16
Calculate the greatest common divisor of 1981343 and 910.
91
Calculate the greatest common divisor of 83677 and 19118.
11
What is the greatest common divisor of 3630 and 102764695?
605
What is the highest common divisor of 124772184 and 36?
36
What is the highest common divisor of 405 and 613660365?
45
What is the greatest common factor of 286 and 920968?
2
Calculate the highest common divisor of 48437717 and 62.
31
Calculate the greatest common divisor of 607082 and 7578.
842
What is the highest common divisor of 349 and 430?
1
What is the greatest common factor of 516 and 4663452?
12
What is the highest common factor of 1466576 and 69296?
1136
What is the highest common factor of 1692 and 3376762?
94
What is the highest common factor of 35910700 and 10092?
3364
Calculate the highest common factor of 176860 and 1813.
37
What is the highest common divisor of 67511174 and 346?
346
Calculate the highest common factor of 737 and 83774924.
67
Calculate the greatest common divisor of 33929951 and 3399.
1133
What is the greatest common divisor of 22116136 and 168?
56
Calculate the highest common divisor of 4426212 and 143148.
948
What is the highest common factor of 1029 and 12873133?
343
Calculate the greatest common divisor of 232326 and 4302.
18
Calculate the greatest common divisor of 17 and 1716050737.
17
What is the greatest common factor of 2976 and 40342656?
2976
Calculate the greatest common divisor of 25604 and 9342000.
692
What is the greatest common factor of 8875575 and 450?
225
Calculate the highest common divisor of 207299 and 69.
23
What is the greatest common divisor of 10219 and 3050652?
11
Calculate the highest common factor of 1330057 and 418.
19
Calculate the highest common factor of 12744 and 741642744.
1416
Calculate the highest common factor of 3726263 and 3151.
137
What is the greatest common divisor of 6 and 11036439?
3
What is the highest common divisor of 28191438 and 117?
9
What is the greatest common factor of 36524790 and 270?
270
What is the greatest common divisor of 6773 and 13338121?
521
What is the highest common factor of 255192687 and 7362?
3681
Calculate the greatest common factor of 1872 and 923382.
18
Calculate the highest common factor of 51850 and 1204960.
170
What is the highest common factor of 54 and 141786?
18
Calculate the greatest common divisor of 885 and 1746459.
177
What is the greatest common factor of 260341 and 2827?
257
What is the greatest common divisor of 4448600 and 4640?
1160
What is the highest common divisor of 1736 and 23033?
31
Calculate the highest common factor of 18135033 and 426.
213
What is the highest common divisor of 2255913 and 297?
99
What is the highest common factor of 763711 and 72304?
4519
What is the highest common divisor of 304689671 and 77?
11
Calculate the highest common factor of 38144 and 928.
32
What is the greatest common factor of 642488 and 23000208?
4312
Calculate the highest common divisor of 224 and 628775.
7
Calculate the highest common divisor of 7126357 and 1342313.
5761
Calculate the greatest common factor of 2456 and 884120.
8
Calculate the highest common divisor of 35 and 158803015.
35
What is the highest common factor of 781152 and 1952?
32
What is the highest common divisor of 196707 and 80591?
203
What is the greatest common divisor of 2 and 4650625?
1
Calculate the greatest common divisor of 36 and 895520220.
12
Calculate the highest common divisor of 1228585 and 575.
5
Calculate the highest common divisor of 1260 and 7952448.
84
Calculate the greatest common divisor of 15432216 and 216.
24
What is the greatest common factor of 124895 and 683?
1
Calculate the greatest common factor of 455710 and 32976.
458
What is the highest common factor of 82677 and 2589244?
217
Calculate the highest common divisor of 406 and 9213722.
14
What is the highest common factor of 4413866 and 5611?
181
Calculate the highest common divisor of 2724586375 and 8825.
8825
What is the highest common divisor of 9559880 and 77?
11
What is the greatest common divisor of 194027412 and 436?
436
What is the highest common divisor of 2783004 and 336?
84
Calculate the highest common divisor of 436 and 59704423.
109
Calculate the highest common factor of 30173976 and 1197.
1197
What is the highest common factor of 259 and 1884708?
7
What is the highest common factor of 295 and 34019695?
295
What is the highest common factor of 40711005 and 4374?
2187
Calculate the highest common factor of 462834 and 84564.
162
What is the greatest common divisor of 1637816 and 72?
8
What is the greatest common factor of 1398722 and 1114074?
598
Calculate the greatest common divisor of 107525 and 196537.
187
Calculate the greatest common factor of 14555 and 8546341.
71
Calculate the greatest common divisor of 420 and 8772260.
140
Calculate the greatest common factor of 6710 and 8075180.
610
Calculate the highest common factor of 2108 and 64595444.
2108
What is the highest common factor of 995896 and 176?
88
What is the greatest common factor of 110 and 35345?
5
Calculate the greatest common factor of 728 and 1368836.
28
Calculate the highest common factor of 6996 and 17594622.
318
What is the highest common factor of 15905 and 17500?
5
Calculate the highest common divisor of 64789881 and 78.
39
Calculate the highest common factor of 145816 and 66.
22
Calculate the highest common divisor of 21963901 and 2681.
383
What is the greatest common factor of 32 and 2419088?
16
Calculate the greatest common factor of 253511460 and 100.
20
What is the greatest common divisor of 19886 and 92584?
326
Calculate the highest common factor of 6261859 and 2.
1
What is the greatest common factor of 12972 and 19721388?
564
What is the greatest common divisor of 20258298 and 986?
58
Calculate the greatest common factor of 5831355 and 750.
15
Calculate the greatest common divisor of 708244 and 57.
19
Calculate the greatest common factor of 76 and 1313071.
19
What is the highest common divisor of 1191772 and 186064?
1604
Calculate the highest common factor of 6 and 38998368.
6
Calculate the highest common factor of 862856 and 248.
8
What is the highest common divisor of 38460 and 51820?
20
Calculate the highest common factor of 202879327 and 2492.
623
What is the highest common divisor of 5280 and 5213120?
1760
Calculate the highest common factor of 380 and 454117480.
380
What is the greatest common divisor of 185505300 and 54?
18
Calculate the greatest common factor of 67695654 and 390.
78
Calculate the highest common divisor of 1164384 and 36.
36
Calculate the highest common factor of 225 and 3268900.
25
Calculate the highest common divisor of 17214 and 152510.
302
Calculate the highest common factor of 17 and 541993.
1
What is the greatest common factor of 12717 and 2379021?
471
What is the greatest common factor of 292 and 23464390?
146
Calculate the greatest common factor of 1302 and 354195429.
651
What is the greatest common factor of 9299950 and 330?
110
Calculate the greatest common divisor of 2937 and 949897.
89
Calculate the highest common divisor of 116054037 and 15417.
5139
Calculate the highest common divisor of 69 and 150929059.
23
What is the highest common factor of 36894 and 12714?
78
What is the highest common divisor of 10227992 and 81496?
488
What is the highest common factor of 701863 and 53?
1
What is the highest common factor of 2151 and 286358567?
239
What is the greatest common factor of 7836 and 9567?
3
What is the greatest common divisor of 88055900 and 1000?
100
What is the highest common factor of 50565 and 162975?
15
Calculate the highest common divisor of 1824120 and 600.
120
What is the highest common factor of 174 and 663804142?
58
Calculate the greatest common factor of 54113176 and 520.
104
What is the highest common facto